of 6800307 and 3.
3
Calculate the greatest common factor of 165600145 and 85.
85
What is the greatest common factor of 236844 and 6188?
68
Calculate the greatest common factor of 782546256 and 144.
144
Calculate the greatest common factor of 44366 and 35350.
14
Calculate the highest common divisor of 1392855 and 555.
15
What is the greatest common divisor of 87192463 and 133?
19
Calculate the greatest common factor of 882544 and 767.
13
Calculate the greatest common factor of 173796 and 3192.
84
Calculate the greatest common factor of 1025295 and 22620.
435
Calculate the highest common divisor of 891 and 547030.
11
Calculate the highest common factor of 648 and 65948.
4
Calculate the highest common factor of 43774143 and 677.
677
Calculate the highest common factor of 3326 and 18860083.
1663
What is the highest common factor of 361831825 and 9112?
1139
What is the greatest common divisor of 36066488 and 16600?
664
Calculate the greatest common divisor of 1732100860 and 7.
7
Calculate the greatest common factor of 4180342 and 444819.
4783
Calculate the greatest common divisor of 91946258 and 74.
74
Calculate the greatest common factor of 3136190 and 930.
10
Calculate the highest common divisor of 23336263 and 18707.
1439
What is the highest common divisor of 2 and 94368700?
2
What is the highest common divisor of 192 and 691924864?
64
What is the highest common divisor of 3926 and 13002?
2
What is the highest common factor of 25278178 and 5476?
74
Calculate the greatest common factor of 7347158 and 949.
949
What is the greatest common divisor of 1620 and 661660?
20
What is the greatest common divisor of 1890 and 1315089?
27
Calculate the highest common divisor of 16 and 407620.
4
Calculate the highest common factor of 896 and 2944424.
56
Calculate the highest common factor of 343908790 and 60.
10
What is the greatest common factor of 4893 and 125888?
7
What is the highest common factor of 264405139 and 862?
431
Calculate the greatest common divisor of 5724 and 391477239.
1431
Calculate the greatest common factor of 2492 and 86662682.
178
Calculate the greatest common divisor of 440 and 34954579.
11
Calculate the highest common divisor of 62973306 and 154.
22
Calculate the greatest common divisor of 32 and 253273.
1
Calculate the highest common divisor of 10907117 and 156.
13
What is the highest common factor of 24332 and 54740048?
3476
Calculate the greatest common factor of 3175 and 25400.
3175
What is the highest common divisor of 177620 and 20544?
428
Calculate the highest common factor of 182 and 20542774.
14
Calculate the greatest common factor of 1221210 and 3249.
9
What is the highest common factor of 10856 and 150686?
118
What is the greatest common factor of 5250004 and 444?
148
What is the highest common divisor of 14681 and 213749?
53
What is the greatest common divisor of 402623 and 7891?
13
Calculate the highest common factor of 5655682 and 4268.
194
What is the greatest common factor of 461244 and 24624?
228
Calculate the highest common factor of 241290 and 2114.
14
Calculate the highest common divisor of 9 and 2209503843.
9
Calculate the greatest common divisor of 599696 and 327968.
592
What is the highest common factor of 12130892 and 1976?
76
What is the greatest common divisor of 379 and 3004333?
379
Calculate the greatest common divisor of 7909276752 and 8424.
8424
What is the greatest common divisor of 663760098 and 17684?
8842
Calculate the greatest common divisor of 145 and 41048485.
145
Calculate the highest common divisor of 645 and 52895805.
645
Calculate the greatest common factor of 289350 and 2775.
75
Calculate the highest common divisor of 112566247 and 259.
37
What is the greatest common factor of 357 and 638169?
21
What is the highest common factor of 116752736 and 1367?
1367
Calculate the greatest common divisor of 30561 and 191357.
61
Calculate the greatest common divisor of 21547858 and 62722.
5702
Calculate the greatest common factor of 9170304 and 14784.
2112
Calculate the greatest common divisor of 16629976 and 1351666.
6406
What is the greatest common divisor of 7184870 and 135450?
3010
Calculate the highest common divisor of 970610256 and 3024.
3024
Calculate the highest common factor of 18142800 and 13200.
1200
Calculate the highest common factor of 12818 and 46375966.
442
Calculate the greatest common factor of 12 and 2780276.
4
What is the greatest common divisor of 12811293 and 396?
99
Calculate the highest common divisor of 58870 and 126266.
406
Calculate the highest common factor of 270 and 9272070.
270
Calculate the highest common factor of 1993148 and 156196.
68
What is the highest common factor of 2239730 and 250?
10
What is the greatest common factor of 47914596 and 63?
9
What is the greatest common factor of 427 and 108497894?
61
What is the highest common divisor of 1689075 and 2025?
225
Calculate the greatest common factor of 5346 and 311203134.
1782
What is the highest common divisor of 22624598 and 10288?
1286
Calculate the greatest common factor of 21 and 3449411.
7
What is the highest common factor of 13950 and 15216350?
1550
Calculate the highest common factor of 97544 and 5541924.
548
What is the highest common divisor of 159810599 and 4173?
1391
What is the greatest common divisor of 277410926 and 508?
254
What is the highest common factor of 33633171 and 2288?
143
Calculate the greatest common divisor of 609 and 241288845.
609
What is the highest common divisor of 497013820 and 20?
20
Calculate the highest common divisor of 40723451 and 2279.
2279
What is the highest common factor of 1996599 and 1173?
51
What is the greatest common factor of 760276 and 1739?
37
Calculate the highest common divisor of 2898740 and 60.
20
Calculate the highest common factor of 1500 and 4861365.
15
Calculate the greatest common factor of 33066 and 104643.
99
Calculate the highest common factor of 2925 and 22711950.
225
Calculate the highest common factor of 1440 and 1764372.
12
What is the highest common factor of 153138 and 726?
6
What is the highest common factor of 1702829 and 21947?
1291
What is the highest common divisor of 2406279 and 970?
97
Calculate the highest common factor of 65658 and 16554.
186
Calculate the highest common factor of 5698433 and 104.
13
What is the greatest common factor of 1999536 and 9856?
1232
What is the highest common factor of 89652315 and 15?
15
What is the greatest common factor of 467452 and 2668?
92
What is the greatest common factor of 46996894 and 112?
14
Calculate the greatest common factor of 900412570 and 4130.
590
Calculate the greatest common factor of 178167104 and 24.
8
What is the highest common divisor of 4561719 and 343527?
7989
What is the highest common divisor of 5 and 1876884?
1
What is the highest common factor of 576 and 102172176?
144
Calculate the greatest common divisor of 48453 and 69.
3
Calculate the greatest common divisor of 8412007 and 1835.
367
Calculate the highest common factor of 5708342 and 8.
2
What is the highest common factor of 18205318 and 1244?
622
Calculate the greatest common factor of 76486 and 976227.
229
What is the greatest common factor of 37 and 661702?
1
What is the highest common factor of 468 and 328432?
52
What is the highest common factor of 8 and 806088952?
8
Calculate the highest common factor of 3044772875 and 125.
125
Calculate the highest common divisor of 491169 and 5397.
21
Calculate the highest common divisor of 2933262398 and 22.
22
What is the greatest common divisor of 1084847 and 1075?
43
What is the greatest common factor of 74202 and 25926?
894
Calculate the greatest common factor of 10622 and 967499559.
5311
What is the highest common divisor of 891644274 and 54?
54
Calculate the greatest common divisor of 16 and 1413554.
2
What is the greatest common factor of 90061 and 1169996?
797
What is the highest common factor of 207 and 748443?
69
Calculate the greatest common divisor of 1342397 and 2087873.
2701
What is the greatest common factor of 34586970 and 978?
978
Calculate the greatest common factor of 2366 and 1752842.
182
What is the greatest common factor of 228 and 869335614?
114
What is the highest common divisor of 8943 and 3111351?
813
What is the greatest common divisor of 62 and 113362?
2
C